(u/p) is divided by 4?
3
Suppose 11*b - 16*b = 10*b - 28650. What is the remainder when b is divided by 11?
7
Suppose -4 = 3*h + 8, -5*k = 2*h - 462. Calculate the remainder when k is divided by 18.
4
Let c(u) = 3*u**2 - 4*u. Suppose 0 = -3*n - 5*v + 14, 0 = 3*n - 5*v - 0 - 4. What is the remainder when 55 is divided by c(n)?
10
Let q(j) = 34*j - 128. Let t be 10 - 40/12*27/15. What is the remainder when 30 is divided by q(t)?
6
Let a = 1690 - 1683. Calculate the remainder when a is divided by -5 - ((-3 - 7) + (-1 - -3)).
1
Let w(v) = -37*v + 47. Let u(d) = -55*d + 71. Let h = 50 - 55. Let g(j) = h*u(j) + 7*w(j). What is the remainder when g(6) is divided by 15?
10
Suppose d - 5*p = 60, 3*d = -d + 4*p + 160. Let k = -7793 + 7805. What is the remainder when d is divided by k?
11
Suppose -12 = -4*d + 4. Suppose j - 4*j = -3*h + 132, 4*j + d*h = -184. Calculate the remainder when j/12*(5 - 9) is divided by 4.
3
Let j(m) be the third derivative of -m**6/120 + m**5/10 + 7*m**4/8 - m**3/2 - 145*m**2. Calculate the remainder when 717 is divided by j(-3).
12
Let h(a) = a + 1. Let f(s) = s**2 - s + 13. Let v(x) = f(x) + 2*h(x). Suppose 5*c = -c - 0*c. What is the remainder when 104 is divided by v(c)?
14
Let v(f) = 96*f - 926. Calculate the remainder when 2277 is divided by v(10).
33
Let c = 1300 + 823. What is the remainder when c is divided by 36?
35
Let w = 19 - -55. Let q = -46 - -61. Calculate the remainder when w is divided by q.
14
Let g(r) = -10*r**2 + 91*r + 8. Let y be g(8). Suppose 13*h - 8 - y = 0. What is the remainder when 38 is divided by h?
6
Let s(k) = 25*k + 16. Let p(r) = -r**2 - 29*r - 47. Let u be p(-27). Let i(m) = 5*m**2 - 31*m + 3. Calculate the remainder when s(4) is divided by i(u).
23
Suppose -m = 4*h - 65, 34*h - 5*m - 27 = 32*h. Let r(k) = 20*k**2 + k - 1. What is the remainder when r(1) is divided by h?
4
What is the remainder when 1108 is divided by (39/6)/(64/(-48)*(-6)/368)?
211
Suppose 0 = 2*t - 8, 4*q = -4*t + 82 - 26. Calculate the remainder when 2027 is divided by q.
7
Let q(o) = o**3 + 4*o**2 - 15*o + 7. Let z be q(-6). Suppose 20*m + 390 = z*m. Suppose -6*s + 36 + m = 0. Calculate the remainder when s is divided by 5.
4
Let h(j) = 106*j - 516. Calculate the remainder when 32 is divided by h(5).
4
Suppose -2*f - 4 = -128. Suppose 0 = -5*c - 15, v + 138*c = 137*c + 21. What is the remainder when f is divided by v?
14
What is the remainder when 338 is divided by 1140/270 + 2/(-9) + (142 - -3)?
40
Suppose -83 + 140 = 19*m. Suppose m*l = 4*p - 29, 3*p - 27 = -4*l + 1. Calculate the remainder when 27 is divided by p.
3
Let h be (10/(140/(-21)))/((-4)/8). What is the remainder when (44/h)/((104/(-120))/(-13)) is divided by 48?
28
Suppose 0 = 12*o - 13*o - w + 1172, 2*w = -4*o + 4674. What is the remainder when o is divided by 196?
185
Let p(i) = -243*i - 1437. Calculate the remainder when 149 is divided by p(-6).
2
Suppose 0 = 11*k - 3 - 19. Suppose -k*i = 15 - 53. What is the remainder when 74 is divided by i?
17
Let z = -124 + 198. Suppose -6*t = -4*t - z. Let d = 78 - t. Calculate the remainder when d is divided by 14.
13
Suppose -s + 1343 = 4*m + 720, 4*s = 5*m + 2450. Calculate the remainder when s is divided by 44.
43
Suppose -2*c + 5*z + 190 + 1246 = 0, z = -4*c + 2850. What is the remainder when c is divided by 90?
83
Let l be (-203)/(-63) - (-8)/(-36). Suppose 3*i - l*j = i + 61, 4*j = 2*i - 64. Calculate the remainder when i is divided by 7.
5
Let o = 3023 - 2909. What is the remainder when 242 is divided by o?
14
Suppose -g - 5*y - 1 = 0, -6*y + 11 = 4*g - y. Suppose 5*w = -5*h - 5, -2 = -g*w - 10. Calculate the remainder when 16/(-16) - (-35)/h is divided by 7.
6
Let l be (-39)/12 + 3 - 13/(-4). Suppose -l*i + 259 = -491. Calculate the remainder when i is divided by 11.
8
Suppose -5*h - 2*s = -503, -8*s - 509 = -5*h - 4*s. Let i = h - 98. Suppose 0*r = r - 3. Calculate the remainder when r is divided by i.
0
Let y(s) = -s**2 + 9*s + 52. Suppose -h - 1 = 3*f, 8*h - 63 = 3*h + 2*f. Calculate the remainder when y(h) is divided by 11.
8
Let u(b) = 7*b**2 + 2*b. Let h be (135/90)/((-1)/22). Let c = h - -42. What is the remainder when u(2) is divided by c?
5
Let q = -145 + 50. Let z(d) = 4*d**2 - 19*d + 97. Let c be z(5). Let m = q + c. What is the remainder when m is divided by 5?
2
Let q = -523 - -580. Suppose -59*x = -2*w - q*x + 90, 0 = 5*w + 2*x - 197. What is the remainder when 97 is divided by w?
15
Let z = 8448 + -8322. Calculate the remainder when 8567 is divided by z.
125
Let j = 209 - 204. Suppose 0 = 4*o - 3*n - 199, -6*n + 251 = j*o - 9*n. What is the remainder when 570 is divided by o?
50
Suppose 0 = 39*l + 30*l - 9177. Suppose -20 - 34 = -3*v - 4*x, 2*v - 5*x = 36. What is the remainder when l is divided by v?
7
Suppose -17*p + 25*p + 4032 = 0. Let i = p + 538. Calculate the remainder when 36 is divided by i.
2
Let c(a) = a**3 + 3*a**2 - 2*a - 4. Let y be c(-3). Let h(j) = -2*j**y + j**2 + j**2 - 2 - j**2 + 13*j. What is the remainder when 150 is divided by h(5)?
36
Let l(w) = -w**2 + 4*w + 118. Let u be l(-8). Suppose -4*j + 260 = u*j. Calculate the remainder when 18/27*(-321)/(-2) is divided by j.
7
Suppose 2*k = -k, -3*y - k = -222. Let t be (-44)/((-7)/(21/6)). Suppose -12*m + t = -10*m. Calculate the remainder when y is divided by m.
8
Suppose -354 = -2*w + 4*q, -2*w - 8*q + 5*q = -326. What is the remainder when 619 is divided by w?
112
Suppose 0 = -27*u + 24*u + a + 399, u = -3*a + 143. Calculate the remainder when u is divided by 46.
42
Suppose h - 188 = 42*t - 45*t, 3*h = -3*t + 558. What is the remainder when h is divided by 52?
29
Suppose -73*n + 71*n + 4 = 0, 3*v + 2*n = 3379. What is the remainder when v is divided by 161?
159
Let j(x) = 287*x**2 + 41*x + 39. What is the remainder when j(-1) is divided by 12?
9
Let y(s) = -8*s + 80. Suppose 0 = 2*v + n + 7, 6*v = 2*v - 3*n - 13. What is the remainder when (-514)/v + 54/(-36) is divided by y(8)?
15
Let w be 3168/72*45/2. Calculate the remainder when 257 is divided by w/40 - 5/(-4).
23
Suppose 5*m - 555 = -10*g, 3*m + 5*g - 329 = 3*g. What is the remainder when 863 is divided by m?
100
Let n(p) = -11*p + 8. Let k be n(-3). Suppose b = i + 12, 4*b + 3*i = -0 + k. What is the remainder when (-6)/15*1075/(-5) is divided by b?
9
Let d = 15142 - 15105. Suppose -3*h - 6 = -5*h. Suppose -h*c = -68 - 148. Calculate the remainder when c is divided by d.
35
Let c = 887 - 809. Calculate the remainder when c is divided by ((-25)/(-10))/((-1)/(-2)).
3
Let v(h) = -h**3 + 13*h**2 + h - 17. Let z be v(8). Let i = z - 307. What is the remainder when 20 is divided by i?
0
Let t be (-44)/18 + 392/882. Let r(f) = -2*f + 5. Let i be r(4). What is the remainder when 70 is divided by (-12)/t*(-18)/i?
34
Calculate the remainder when ((27/15)/((-4)/(-3860)))/1 is divided by 6.
3
Let g = 7183 + -7172. What is the remainder when 3089 is divided by g?
9
Let b be 28 + (-6 - -3) + 6. Suppose 8*m - b - 25 = 0. Suppose 11*d - m*d - 24 = 0. Calculate the remainder when 26 is divided by d.
2
Let i = 50 - -106. Suppose 8*a - 4*a = i. Calculate the remainder when 268 is divided by a.
34
Let o be -8*2*(-4)/16. Suppose -3*g = 3*i - 48, -12 - o = -g - 5*i. Suppose q - 11 = -l, -2*q - 2 = -2*l - g. Calculate the remainder when 15 is divided by q.
6
Let q(z) be the second derivative of -z**5/20 + 3*z**4/4 + 11*z**3/3 - 61*z**2/2 + 20*z. What is the remainder when q(10) is divided by 22?
15
Let y = -19 - -13. Let g = y + 2. What is the remainder when 4 is divided by (g/4)/((-1)/4)?
0
Let v = -23 + 33. Let f(y) be the third derivative of y**6/40 - y**5/5 + y**4/6 + 2*y**3 - 3*y**2 + 2*y. Calculate the remainder when f(5) is divided by v.
7
Let f be (128/12)/((-12)/(-36)). Suppose f*r + 15*r = 2350. Calculate the remainder when 195 is divided by r.
45
What is the remainder when 2232 is divided by 448/3 - 26*23/1794?
146
Suppose -12*l = -0*l - 372. Calculate the remainder when 5981 is divided by l.
29
Let z = -2447 + 2930. Calculate the remainder when z is divided by 45.
33
Suppose 3*n + 3*t - 10 = 2*t, 2*t = 2*n - 4. Suppose n*y - 1350 = -939. Calculate the remainder when y is divided by 28.
25
Let b = 45 + -39. Let m = -3931 + 4290. What is the remainder when m is divided by b